+ 16. What is the units digit of v(q)?
5
Suppose -2*x - x = 3*o - 9, -4*o - 16 = 0. Suppose -1 = -2*t + x. What is the tens digit of 52*5*t/80?
1
Suppose q - 2*a + 66 = 3*q, 4*q = -3*a + 129. Let u(h) = 15*h - 100. What is the units digit of u(q)?
0
Suppose 3*w = o + 8425, 7*w - 3*w = 4*o + 11236. Suppose 0*y = -18*y + w. What is the tens digit of y?
5
Let w = -31189 - -55068. What is the thousands digit of w?
3
Let w = 8101 - 3476. Suppose -q + 913 = -5*n, -3*q = -8*q + 5*n + w. What is the units digit of q?
8
Let x(o) = -4*o - 13. Let l be x(-4). Suppose y - 2*k = l*k + 131, -y + 140 = -2*k. What is the units digit of y?
6
Suppose -37876 = -5*c + 3*a, -c - c - 4*a + 15140 = 0. What is the hundreds digit of c?
5
Let u(a) = 123*a + 9. Let m be u(5). Let h be m/15 - 4/(-10). Let q = -18 + h. What is the units digit of q?
4
Let k(n) = -2*n**3 + 2*n - 1. Let s be k(1). Let w be s/(5/(-120)*3). What is the units digit of (w/6)/((-6)/(-27))?
6
Let w = -4556 + 11135. What is the thousands digit of w?
6
Let c(w) = -8*w + 38. Let a be c(4). Suppose 0 = -j + 3*g + 133, j - a*j + 729 = g. What is the tens digit of j?
4
What is the thousands digit of (-16 - (-51 + 27)) + 35000?
5
Suppose -2*b = -5*t + 9, -6 = -2*t + 4. Suppose 0 = b*d - 13*d. Suppose 3*z - 19 - 8 = d. What is the units digit of z?
9
Let k = -10 + 10. Suppose 3*g = -k*w - w + 37, 5*g + 21 = w. What is the tens digit of 1*(-4)/(-4)*w?
3
Suppose i = 3*n + 17, n + 7 + 8 = 5*i. Let f(v) = i*v + 70 - 39 - v. What is the units digit of f(20)?
1
Let g = 33190 + 21003. What is the tens digit of g?
9
Let i = 47303 - -2862. What is the units digit of i?
5
Let n(d) = -2141*d - 2152. What is the tens digit of n(-6)?
9
Let f(p) = p - 5. Let z be f(10). Let l(g) = -6*g - 15 + 0*g + 8*g + 12*g. What is the tens digit of l(z)?
5
Let h(j) be the third derivative of 1/60*j**5 + 7/24*j**4 + 3/2*j**3 + 0*j + 0 - 3*j**2. What is the units digit of h(-9)?
7
What is the thousands digit of 5 - 9/(-18)*-1198*-7?
4
Let c = 315 + -74. Suppose c - 2607 = -13*t. Suppose 5*s = 3*s + t. What is the units digit of s?
1
Let z = -37593 - -65884. What is the units digit of z?
1
Let u(t) = -t**3 + 13*t**2 + 15*t - 19. Let p be u(14). Let b be -284*(p - (-2 - 2)). Let q = b - 165. What is the tens digit of q?
1
Let k = 259 + -163. Suppose 732 = -4*m - 4*p + 2780, -4*m + p + 2053 = 0. What is the units digit of (k/(-5))/(m/90 - 6)?
4
Suppose -3922 = 8*x - 52546. What is the units digit of x/30*5 + 3?
6
Let h = -7451 + 23951. What is the thousands digit of h?
6
Let h(o) = 2*o**2 - 15*o - 29. Let q(p) = 17*p**2 + 13*p - 14. Let v be q(1). What is the hundreds digit of h(v)?
2
Suppose -4*v + 4 = 3*b - 2*v, 5*b - 3*v = 32. Suppose -5*k + 181 = b*j, -7*j - 161 = -5*k - 6*j. What is the units digit of k?
3
Let y be (-13 - (53 + 6)) + (-1 - -3). What is the tens digit of -2*12/8 - (y + 4)?
6
Suppose -a + 36*s - 40*s + 2029 = 0, -8116 = -4*a - s. What is the units digit of a?
9
Let b(i) = -43*i**3 - 5*i**2 + 10*i + 8. Let d be b(-4). Let r = d + -1551. What is the hundreds digit of r?
0
Let g(x) = 6*x - 79. Let c be g(13). What is the tens digit of (c + 4 - 10)/((-2)/244)?
5
Let u be (-6)/((-12)/1418) - -5. Let t = u - 480. What is the units digit of t?
4
Let g = -3540 - -4636. What is the hundreds digit of g?
0
Let l(g) = -4*g - 26. Suppose 4*w - 5*w = 6. Let s be l(w). What is the units digit of 5 + -1 + s + 60?
2
Suppose -8*u + 3*u = -20. Suppose -6*b - 64 = -5*f - u*b, -b - 2 = 0. Suppose 13*c - 15 = f*c. What is the units digit of c?
5
Let l(z) = 3*z. Let w be l(-4). Let d(p) = 330 - 4*p**2 + 6*p**2 + 11*p - 357. What is the tens digit of d(w)?
2
Let d be (3*(5 - 8))/(-1). Suppose r + 63 + 414 = 4*p, 0 = -3*r + d. What is the units digit of p?
0
Let q(i) = -10*i**3 + i**2 + 6*i + 6. Let b(s) = 12*s + 33. Let o be b(-3). What is the tens digit of q(o)?
6
Let v(o) = o**3 - 22*o**2 + 118*o + 18. Let u(z) = z**3 - 41*z**2 - 88*z + 100. Let l be u(43). What is the units digit of v(l)?
2
Suppose 1481 = 2*q - 2*n - 2541, -4*q + 5*n = -8047. What is the tens digit of q?
0
Suppose -7*g + 3*g = 20, -g + 5566 = -3*z. Let s = 3325 + z. Suppose 11*d + 599 = s. What is the units digit of d?
9
Suppose -496 = -n + 280. Suppose f = 3*f - n. What is the hundreds digit of f?
3
Suppose 0 = 2*k - j - 46647, -55*j - 69988 = -3*k - 50*j. What is the ten thousands digit of k?
2
Suppose -72*z + 64*z - 9872 = 0. Let j = z + 1812. What is the tens digit of j?
7
Let o = -10215 - -19961. What is the tens digit of o?
4
Let s(v) = 13*v**3 - 22*v**2 + 27*v - 553. What is the tens digit of s(13)?
4
Suppose 27*k + 12 = 30*k, 4*u - 4*k - 11784 = 0. Suppose -13*g = -u - 2510. What is the hundreds digit of g?
4
Let k(c) = -1715*c - 2468. What is the tens digit of k(-10)?
8
Let q(z) = -2*z**3 + 98*z**2 - 27*z + 12. What is the units digit of q(-16)?
4
Suppose -11752 - 3416 = -12*o. Let d = o - -96. What is the tens digit of d?
6
Let f(p) = 3*p - 5. Let s be f(-5). Let y be (3/(-2))/(15/s). Suppose 43 + 41 = y*v. What is the units digit of v?
2
Let j be 929 + (12/(-8))/((-6)/8). Suppose -4*z = 4*p - 3996, -4*p + z + j = -3075. What is the tens digit of p?
0
Suppose -400*x = -2*t - 402*x + 32426, 16213 = t - 4*x. What is the thousands digit of t?
6
What is the units digit of (3/11 - (-11628981)/(-286))/((-6)/4)?
7
Suppose -6*v + 23 - 149 = 0. Let s be 2/7 - 2892/v. Let l = s - 94. What is the units digit of l?
4
Let t(o) = 2*o**3 - 47*o**2 - 26*o + 4. What is the hundreds digit of t(25)?
2
Let g(v) = -27*v + 23. Let r be g(16). Let s = 50 - r. What is the hundreds digit of s?
4
Suppose 154*y + 189724 = 38*y + 1868244. What is the thousands digit of y?
4
Let x(g) be the second derivative of 28*g**3 - 52*g**3 + 20*g + g**2 + 26*g**3. What is the units digit of x(14)?
0
Suppose -n - 4 = 5*t + 14, -10 = -5*n. Let p = t + 7. Suppose g = d + 9 + 53, -p*g - 3*d = -180. What is the tens digit of g?
6
Suppose -13805 = -11*h + 9361. What is the tens digit of h?
0
Let r(p) = 4*p + 64. Let j be (-2 + -96)/(-2) - -5. Suppose j = 4*d + 18. What is the hundreds digit of r(d)?
1
Let b(g) = -2*g**2 - 35*g + 1. Let k(x) = -x**2 - 18*x. Let w(t) = -6*b(t) + 11*k(t). Let y be w(-12). What is the tens digit of y/(-3) + 124/2?
6
Suppose -4*j = 4*c + 163 + 153, 0 = -5*j - c - 399. What is the tens digit of (j - -8)/9 - -813?
0
Let l = -39931 + 58623. What is the thousands digit of l?
8
Suppose -u - 56129 = -23*j + 20*j, 74842 = 4*j - 3*u. What is the units digit of j?
9
Let l be 7532/((3/12)/((-2)/(-16))). Suppose 0 = -5*v + l - 1231. What is the tens digit of v?
0
Suppose -10*i + 2*i = 48. Let v = i + 10. Suppose -3*s = -3*u + 66, 2*u + v*s - 155 = -3*u. What is the units digit of u?
7
Let p(v) = 3*v**3 + 5*v**2 + 15*v - 17. Let g be p(-7). Let w = -703 - g. What is the hundreds digit of w?
2
What is the tens digit of (43446/(-156))/((-2)/56)?
9
Let v(x) = -103*x + 181. Let i be v(-4). Let f = 1801 - i. What is the tens digit of f?
0
Let o be ((-4)/6 + 2)/((-1)/(-3)). Suppose 324 = 4*m + 5*j, 36*j - 312 = -o*m + 34*j. What is the tens digit of m?
7
Let g(z) = 2*z**3 - z**2 - 2*z - 1. Let h be g(2). Let s be (2/3)/(6/126*h). Suppose 0*y + s*y + 4*p - 86 = 0, 6 = 2*p. What is the units digit of y?
7
Suppose 0 = -124*h + 121*h + l + 92414, 3*l = -h + 30828. What is the thousands digit of h?
0
Suppose -4*c + x = -59749, -2*c + 532*x = 531*x - 29877. What is the units digit of c?
6
Suppose 799 = 8*o - 1513. Let y = 482 - o. What is the tens digit of y?
9
Let i(g) = 33*g + 5 + 32*g + 1. Let m be i(1). Suppose -8 = -73*d + m*d. What is the units digit of d?
4
Suppose -94*y + 177437 = 38317. What is the tens digit of y?
8
Suppose -f + 5707 = -3*x, -4*f - x + 18698 = -4078. What is the thousands digit of f?
5
Let a(c) = -c**2 - 20*c - 89. Let h be a(-7). What is the hundreds digit of (h - (6 + -12)) + 466?
4
Suppose 3*n = -9, -7*v + 2*n + 5964 = -6*v. What is the hundreds digit of v?
9
Suppose 0 = 3*p - 2*p - 3*l + 26, 2*p + 2*l + 52 = 0. What is the tens digit of (p/(-8))/((-3)/(-72)) - -2?
8
Let x(f) = -2*f**2 + 31*f - 2. Let k be x(15). Suppose 0 = k*p + 1012 - 10567. What is the tens digit of p?
3
Suppose 52 = -2*s + 6*s. Suppose -2*l + 18 = 3*a, 4*a - 3*l = -2*l + s. Suppose -372 = -a*b -